663 + q. What is the hundreds digit of w?
8
Suppose -19264 = -1555*r + 1539*r. What is the tens digit of r?
0
Suppose -2 = j, l - 5*l + 2*j = -8. Let v(d) = -d**2 + d. Let a(g) = 2*g**2 + 17*g + 24. Let i(n) = l*a(n) + 3*v(n). What is the tens digit of i(15)?
9
Let o = -417 + 733. Suppose 4*q = -0*q + o. Let c = q + 46. What is the hundreds digit of c?
1
Suppose 3*i - 2070 = 4*r, -3*r + 1022 = 4*i - 1713. Suppose -3*k + i = -757. What is the hundreds digit of k?
4
What is the hundreds digit of 34/4*29106/297?
8
Let n = 7 + -31. Let r(q) be the first derivative of q**4/4 + 25*q**3/3 + 19*q**2/2 + 38*q + 392. What is the tens digit of r(n)?
5
What is the tens digit of (-464)/(-348) - (1271180/(-84) + 6/14)?
3
Suppose 3*j + 5819 = x + 69821, x = j - 21330. What is the hundreds digit of j?
3
Suppose -138*x = -133*x - 75. Suppose 4*r - x - 33 = 0. Suppose -r*d = -457 - 1007. What is the tens digit of d?
2
Suppose -12 = -3*p, -3*p + 6*p - 9 = c. What is the units digit of ((-25)/(-10) + c)*22?
1
Let x = -16077 + 26576. What is the tens digit of x?
9
Let z(a) = -112*a + 2. Let i be z(-1). Let t = -3 - i. What is the tens digit of 14/((-6)/t*3)?
9
Let j = -402 + 202. Let l = -139 - j. What is the units digit of l?
1
Let u(h) = h**3 + 8*h**2 - 31*h + 19. Let s be u(-11). What is the units digit of ((-1)/(3/6))/(s/678)?
2
Let y = 27 + -22. Let o be (102/y)/(16/40). Suppose -379 = -5*j + o. What is the tens digit of j?
8
Suppose -10*v + 32 = -2*v. Suppose -15 = -p - b, -5*b = v*p - 17 - 48. Suppose -14*z = -p*z - 228. What is the tens digit of z?
5
Let i(f) = -f**2 + 34*f + 454. Let y be i(-10). Let r be 2/(-5) - (-66)/(-10). What is the units digit of (-145)/(-2) - r/y?
3
What is the tens digit of 12639 + ((4/(-3))/((-72)/108) - 3)?
3
Suppose -61*v + 65*v - 5*c - 16049 = 0, 5*v + 4*c - 20092 = 0. What is the tens digit of v?
1
Let x(a) = -36 + 39*a + 14*a - 27*a. What is the hundreds digit of x(10)?
2
Let s be -3*(-1)/(-9) + (-7)/(-3). Let h = 5 - s. Suppose -4*u + 146 = -h*v, -4*v - 169 = -5*u - 7*v. What is the units digit of u?
5
Let d(i) = 400*i**2 - 50*i - 45. What is the hundreds digit of d(-7)?
9
Let a(r) = -5*r**3 + 4*r + 30. Let t be a(-4). Suppose 0 = 10*z - 876 - t. What is the hundreds digit of z?
1
Let y(x) = 19*x**2 - x + 20. Let i be y(-5). Suppose -i = -20*h + 15*h. What is the hundreds digit of h?
1
Let k be 2/5 - (-36)/60. Let w = 68 - 96. What is the tens digit of ((-714)/w)/(k/2)?
5
Suppose 0 = 3*b + c - 37640, 4*b - 12792 = 3*c + 37412. What is the tens digit of b?
4
Suppose -2*z + 3*t = -0*z - 493, -4*z + t = -1011. Let u be (-3*z/3)/(-2). Suppose u = 6*g - 365. What is the units digit of g?
2
Let z(n) = -56*n**2 + 11*n + 20. Let u(r) = -28*r**2 + 6*r + 11. Let b(k) = 11*u(k) - 6*z(k). What is the hundreds digit of b(-3)?
2
Let p(v) = -13*v**2 + 48*v + 103. Let s be -3*(0 + 4/(-6)). Let t(x) = 3*x**2 - 12*x - 26. Let q(i) = s*p(i) + 9*t(i). What is the units digit of q(-9)?
1
Let p(c) = -394*c - 481. What is the hundreds digit of p(-72)?
8
Let o be 2/10 + 95/25. Suppose o*w + 2*k = 5*w - 5, -w - k - 4 = 0. What is the units digit of 5 + (w + 101 - -3)?
8
Let s(x) be the third derivative of -x**5/60 + 89*x**4/24 + 2*x**3/3 - 303*x**2. What is the hundreds digit of s(40)?
9
Suppose -5*c - 5*h + 161245 = 0, -27*c = -26*c + 2*h - 32246. What is the ten thousands digit of c?
3
Let c(a) be the second derivative of -a**4/6 - 11*a**3/6 + 5*a**2 - 12*a. Let p be c(-13). Let s = -100 - p. What is the tens digit of s?
8
Let z(l) = 5*l - 24. Let w be z(6). Suppose -d = -5*b + 25, d = -b - d - w. Suppose 5*y = -v + 2*v - 15, -3*y - 94 = -b*v. What is the units digit of v?
5
Let d(q) = 107*q - 114. Let x(a) = -a**3 + 3*a**2 + 27*a + 17. Let t be x(7). What is the hundreds digit of d(t)?
9
Suppose 3*l + 3*g = 93, 24 + 45 = 2*l - 5*g. Suppose -f + l = j - 3*j, -j = 5*f - 116. What is the units digit of 177 + ((-3)/2)/(f/(-64))?
1
Let q = 514 - 322. Suppose -1722 = -3*g - q. What is the tens digit of g?
1
Suppose 3988 = 4*w + 2*h - 90592, -w = -3*h - 23645. What is the units digit of w?
5
Let b(g) = g**2 + 5 + 0*g**2 - g + 2*g. Let k be b(-3). Suppose 2 = -3*l + k. What is the units digit of l?
3
Let f be (101 + -126)*(1/1 + 12). Let t = -104 - f. What is the hundreds digit of t?
2
Suppose 0 = -x + 3*n - n + 45279, -5*n = 3*x - 135826. What is the tens digit of x?
7
Let g = 12047 - -11911. What is the units digit of g?
8
Let p(g) = 1160*g + 1152. What is the tens digit of p(23)?
3
Suppose 3*w + 4*n + 14 = 132, -2*n = 4. Let b be 4/w - (-850)/(-105). What is the tens digit of 172 - b/(-3)*(-18)/12?
7
Suppose x - z - 27 = 0, -3*x = -2*z - 2*z - 77. Suppose 6*k + x = -5. Let b = 140 + k. What is the tens digit of b?
3
Let d(n) = -2*n**3 + 7*n**2 + 24*n + 10. Let a(g) = -25*g**2 - 48*g - 4. Let z be a(-2). What is the thousands digit of d(z)?
1
Let d = 77 - 113. What is the hundreds digit of -8*(9/3 + 1503/d)?
3
Let s(q) be the third derivative of -q**4/6 + 3*q**3/2 - 7*q**2. Let i be s(0). Suppose i = -5*z + 129. What is the units digit of z?
4
Let s be -2 + (3 - 0) + 1. Suppose 4*b - y = 4*y + 963, 0 = 5*b - s*y - 1191. Suppose 7*j - b = 4*j. What is the units digit of j?
9
Suppose -3*n = 3*r + 2*r - 17318, 3466 = r + n. What is the units digit of r?
0
Suppose 12*a = -8*a + 37040. Suppose -5*x + 3*i = -4636, -2*x + a = -0*x - 2*i. What is the tens digit of x?
2
Let m = -30 + 20. What is the tens digit of (-1 - 223)*(-5)/(m/(-3))?
3
Suppose -5 + 93 = -2*c. Suppose 38*l = 27*l + 561. Let q = c + l. What is the units digit of q?
7
What is the hundreds digit of 4*(-75)/50*8708/(-6)?
7
Let q(k) = 18*k**2 - k. Let p be q(-1). Suppose 4*w - 14 = l, 5*l + w + 5 = p. Suppose 8*t + 95 = l*i + 3*t, i = -5*t + 85. What is the units digit of i?
0
Suppose 5*y + 589 = 229. Let f = 32 + y. Let v = 4 - f. What is the tens digit of v?
4
Suppose 5*d - 14*d = -176248 - 134315. What is the hundreds digit of d?
5
Suppose -2*x + 4*o - 240 = 0, -x + 5*o - 81 = 27. Let i = 615 - x. What is the units digit of i?
3
Let u(q) = q + 3. Let b(i) = 2*i + 3. Let w(y) = 6*b(y) - 7*u(y). Let j be w(1). Suppose z - 108 = j*h, 236 = 2*z - 4*h + 5*h. What is the tens digit of z?
1
Let p = -104 - -108. Suppose -i + 511 = -3*l, -p*i - 2*l = -1218 - 854. What is the hundreds digit of i?
5
Suppose -104 = -4*w - 80. What is the tens digit of (18/(-7))/(w/(-224))?
9
Suppose 7*k - 387 + 93 = 0. Let v(r) = -9*r + k + 12 - 20. What is the hundreds digit of v(-9)?
1
Let h(t) = 299*t**3 + 2*t**2 - 184*t + 365. What is the tens digit of h(2)?
9
Let v(g) = -188*g + 19. Let h = 14 - 17. What is the hundreds digit of v(h)?
5
Let j = 114 - 90. Suppose 0 = -7*y + 5*y - j. Let i = 208 - y. What is the units digit of i?
0
Let t(r) = 12*r + 82. Let a be t(-6). Suppose l = 4*s - 72, -2*s = 7*l - a*l - 26. What is the tens digit of s?
1
Let d(m) = 2*m - 4*m + m + 8*m - 3*m**2 - 44. Let l be d(7). What is the units digit of -3 - l*(5 + -3)?
1
Suppose m - 5*m - 100 = -2*j, -5*m + 82 = 2*j. Suppose -a - 38 = -0*a. Let b = j - a. What is the tens digit of b?
8
Suppose -11*o = -0*o - 44. Suppose 3*v - o*n - 1814 = 0, -4*v + n = -n - 2422. What is the units digit of v?
6
Let q(u) = 0*u**2 - u**3 + 0*u**2 - 10*u - 8 - 8*u**2. Let j = -432 + 425. What is the units digit of q(j)?
3
Suppose -4*n = -2*z + 2432, -7*z - 2*n + 1216 = -6*z. Suppose -5*f + 3668 = 3*j, j - 3*f = -6*f + z. What is the tens digit of j?
3
Suppose -4*m = -2*o + 10, 7*o = 2*o - 2*m - 23. Let g be 1/o*(-15 + 30). What is the units digit of 5/g*-7 + 1?
8
Suppose -5*d - 170 = 5. Let p = d - -39. Suppose -3*z - 2*z = 3*i - 49, -5*z - 7 = -p*i. What is the units digit of i?
8
Suppose -4*q + 6 = -5*x, -10 = -x + 4*x - 4*q. What is the hundreds digit of 471 - 1/x*(-19 + 9)?
4
Let v(x) = -7*x**2 + 273*x - 2*x**3 - 142*x - 14 - 139*x. What is the units digit of v(-4)?
4
Suppose 3*b + 156 = -5*j, -3*b - b - 158 = 5*j. Let d = j + 31. What is the tens digit of (-6 + (-49)/14)/(d/(-8))?
7
Suppose -10*g = -3*l - 8*g + 91526, 2*l + 2*g - 61014 = 0. What is the thousands digit of l?
0
Let h = -290 + 293. Suppose n - 2257 = -5*k, h*n = -4*k + n + 1808. What is the hundreds digit of k?
4
Suppose -21 = -5*a - 4*u, 3*a + 4*u = u + 15. What is the units digit of